{"id":250,"date":"2024-03-05T17:27:40","date_gmt":"2024-03-05T15:27:40","guid":{"rendered":"https:\/\/dimorasantanna.it\/?page_id=250"},"modified":"2024-03-05T17:31:03","modified_gmt":"2024-03-05T15:31:03","slug":"escursioni","status":"publish","type":"page","link":"https:\/\/dimorasantanna.it\/index.php\/escursioni\/","title":{"rendered":"Escursioni"},"content":{"rendered":"\t\t<div data-elementor-type=\"wp-page\" data-elementor-id=\"250\" class=\"elementor elementor-250\" data-elementor-post-type=\"page\">\n\t\t\t\t<div class=\"elementor-element elementor-element-dd72441 e-flex e-con-boxed e-con e-parent\" data-id=\"dd72441\" data-element_type=\"container\" data-settings=\"{&quot;background_background&quot;:&quot;slideshow&quot;,&quot;background_slideshow_gallery&quot;:[{&quot;id&quot;:253,&quot;url&quot;:&quot;https:\\\/\\\/dimorasantanna.it\\\/wp-content\\\/uploads\\\/2024\\\/03\\\/Dimora-SantAnna.png&quot;}],&quot;background_slideshow_loop&quot;:&quot;yes&quot;,&quot;background_slideshow_slide_duration&quot;:5000,&quot;background_slideshow_slide_transition&quot;:&quot;fade&quot;,&quot;background_slideshow_transition_duration&quot;:500}\">\n\t\t\t\t\t<div class=\"e-con-inner\">\n\t\t\t\t\t<\/div>\n\t\t\t\t<\/div>\n\t\t<div class=\"elementor-element elementor-element-a080c1a e-flex e-con-boxed e-con e-parent\" data-id=\"a080c1a\" data-element_type=\"container\" data-settings=\"{&quot;background_background&quot;:&quot;classic&quot;}\">\n\t\t\t\t\t<div class=\"e-con-inner\">\n\t\t\t\t<div class=\"elementor-element elementor-element-62c7732 elementor-widget elementor-widget-text-editor\" data-id=\"62c7732\" data-element_type=\"widget\" data-widget_type=\"text-editor.default\">\n\t\t\t\t<div class=\"elementor-widget-container\">\n\t\t\t\t\t\t\t\t\t<h2 class=\"v1MsoNormal\" style=\"text-align: center;\"><strong>NOLEGGIO BICI CON PEDALATA ELETTRONICA ASSISTITA<\/strong><\/h2><p class=\"v1MsoNormal\" style=\"text-align: center;\">\u20ac 40.00 al giorno \u2013 sconto 10% per ogni giorno extra<\/p><p class=\"v1MsoNormal\" style=\"text-align: center;\">su richiesta guida accompagnatore: suppl. \u20ac 20.00 per persona (minimo 2 persone)<\/p>\t\t\t\t\t\t\t\t<\/div>\n\t\t\t\t<\/div>\n\t\t\t\t\t<\/div>\n\t\t\t\t<\/div>\n\t\t<div class=\"elementor-element elementor-element-c2067bd e-con-full e-flex e-con e-parent\" data-id=\"c2067bd\" data-element_type=\"container\">\n\t\t<div class=\"elementor-element elementor-element-099ae1f e-con-full e-flex e-con e-child\" data-id=\"099ae1f\" data-element_type=\"container\" data-settings=\"{&quot;background_background&quot;:&quot;slideshow&quot;,&quot;background_slideshow_gallery&quot;:[{&quot;id&quot;:263,&quot;url&quot;:&quot;https:\\\/\\\/dimorasantanna.it\\\/wp-content\\\/uploads\\\/2024\\\/03\\\/Carovigno.png&quot;}],&quot;background_slideshow_loop&quot;:&quot;yes&quot;,&quot;background_slideshow_slide_duration&quot;:5000,&quot;background_slideshow_slide_transition&quot;:&quot;fade&quot;,&quot;background_slideshow_transition_duration&quot;:500}\">\n\t\t\t\t<\/div>\n\t\t<div class=\"elementor-element elementor-element-0297199 e-con-full e-flex e-con e-child\" data-id=\"0297199\" data-element_type=\"container\">\n\t\t\t\t<div class=\"elementor-element elementor-element-7020797 elementor-widget elementor-widget-text-editor\" data-id=\"7020797\" data-element_type=\"widget\" data-widget_type=\"text-editor.default\">\n\t\t\t\t<div class=\"elementor-widget-container\">\n\t\t\t\t\t\t\t\t\t<h3 class=\"v1MsoNormal\">CAROVIGNO \u2013 Tour guidato a piedi<\/h3><p class=\"v1MsoNormal\">Incontro con la guida presso Dimora Sant&#8217;Anna e inizio della visita di Carovigno, del suo grazioso centro storico e del suo splendido Castello. Visiteremo la chiesa di Sant&#8217;Anna, in origine la cappella privata dei Conti Dentice di Frasso, la Chiesa Madre con il suo splendido rosone, i bianchi vicoli del quartiere Terra, la piazza principale con il monumento ai Caduti e infine il Castello Dentice di Frasso: eccellente esempio di architettura medievale, costruito durante il dominio normanno, rimase poi elegante residenza nobiliare fino al 1961. Non potete perdere il suo incanto e i suoi misteri, le sue torri, terrazze e giardini! Dopo la visita, passeremo da uno dei numerosi forni dei dintorni per gustare il &#8220;pane lavaturo&#8221;, impastato a mano ogni mattina<\/p><p class=\"v1MsoNormal\">IL TOUR INCLUDE: Guida turistica; entrata al Castello; 1 forma di pane per persona.<\/p><p class=\"v1MsoNormal\">\u20ac 40.00 per persona (minimo 2 pax)<\/p><p class=\"v1MsoNormal\">10% sconto bambini fino a 10 anni<\/p>\t\t\t\t\t\t\t\t<\/div>\n\t\t\t\t<\/div>\n\t\t\t\t<\/div>\n\t\t\t\t<\/div>\n\t\t<div class=\"elementor-element elementor-element-8b7846a e-con-full e-flex e-con e-parent\" data-id=\"8b7846a\" data-element_type=\"container\">\n\t\t<div class=\"elementor-element elementor-element-b108068 e-con-full e-flex e-con e-child\" data-id=\"b108068\" data-element_type=\"container\">\n\t\t\t\t<div class=\"elementor-element elementor-element-ee5b94b elementor-widget elementor-widget-text-editor\" data-id=\"ee5b94b\" data-element_type=\"widget\" data-widget_type=\"text-editor.default\">\n\t\t\t\t<div class=\"elementor-widget-container\">\n\t\t\t\t\t\t\t\t\t<h3 class=\"v1MsoNormal\">OSTUNI<\/h3><p class=\"v1MsoNormal\">Partenza per Ostuni con mezzo proprio o con transfer privato. Lungo la strada che si inerpica verso la meravigliosa Citt\u00e0 Bianca potremo cogliere suggestivi paesaggi di ulivi secolari in cui sono immerse le tipiche masserie, antichi centri agricoli, alcune delle quali conservano l&#8217;originaria funzione, affiancandola ad odierne attivit\u00e0 turistiche. All&#8217;arrivo, incontro con la guida che ci porter\u00e0 a visitare il centro storico con la piazza principale e la bellissima statua di Sant&#8217;Oronzo, patrono della citt\u00e0, la suntuosa Cattedrale, i bianchissimi vicoli e le stradine con i loro gradini e gradoni da cui si affacciano terrazze e scorci con panorami mozzafiato. A fine visita, prima di rientrare, gusteremo un ricco aperitivo a base di spritz o di un calice di vino autoctono.<\/p><p class=\"v1MsoNormal\">IL TOUR INCLUDE: guida turistica; entrata Cattedrale; aperitivo.<\/p><p class=\"v1MsoNormal\">\u20ac 65.00 per persona (minimo 2 pax)<\/p><p class=\"v1MsoNormal\">10% sconto bambini fino a 10 anni<\/p><p class=\"v1MsoNormal\">Transfer privato extra: \u20ac 35.00 per persona<\/p>\t\t\t\t\t\t\t\t<\/div>\n\t\t\t\t<\/div>\n\t\t\t\t<\/div>\n\t\t<div class=\"elementor-element elementor-element-e77927b e-con-full e-flex e-con e-child\" data-id=\"e77927b\" data-element_type=\"container\" data-settings=\"{&quot;background_background&quot;:&quot;slideshow&quot;,&quot;background_slideshow_gallery&quot;:[{&quot;id&quot;:268,&quot;url&quot;:&quot;https:\\\/\\\/dimorasantanna.it\\\/wp-content\\\/uploads\\\/2024\\\/03\\\/Ostu.png&quot;}],&quot;background_slideshow_loop&quot;:&quot;yes&quot;,&quot;background_slideshow_slide_duration&quot;:5000,&quot;background_slideshow_slide_transition&quot;:&quot;fade&quot;,&quot;background_slideshow_transition_duration&quot;:500}\">\n\t\t\t\t<\/div>\n\t\t\t\t<\/div>\n\t\t<div class=\"elementor-element elementor-element-77ebb66 e-flex e-con-boxed e-con e-parent\" data-id=\"77ebb66\" data-element_type=\"container\" data-settings=\"{&quot;background_background&quot;:&quot;classic&quot;}\">\n\t\t\t\t\t<div class=\"e-con-inner\">\n\t\t<div class=\"elementor-element elementor-element-1d8329d e-con-full e-flex e-con e-child\" data-id=\"1d8329d\" data-element_type=\"container\">\n\t\t\t\t<div class=\"elementor-element elementor-element-9e43453 elementor-widget elementor-widget-text-editor\" data-id=\"9e43453\" data-element_type=\"widget\" data-widget_type=\"text-editor.default\">\n\t\t\t\t<div class=\"elementor-widget-container\">\n\t\t\t\t\t\t\t\t\t<h4 class=\"v1MsoNormal\">ONE WAY TRANSFER APT\/PORTO\/STAZIONE BRINDISI PER DIMORA SANT&#8217;ANNA<\/h4><p class=\"v1MsoNormal\">\u20ac 65.00 fino a 3 pax<\/p><p class=\"v1MsoNormal\">\u20ac 95.00 da 4 a 8 pax<\/p><p class=\"v1MsoNormal\">\u20ac 180.00 da 9 a 15 pax<\/p><p class=\"v1MsoNormal\">Supplemento notturno: 21H00 \u2013 07H00 = + 15%<\/p><p class=\"v1MsoNormal\">Ora extra per attesa arrivo = \u20ac 25.00 per ogni ora<\/p>\t\t\t\t\t\t\t\t<\/div>\n\t\t\t\t<\/div>\n\t\t\t\t<\/div>\n\t\t<div class=\"elementor-element elementor-element-578148a e-con-full e-flex e-con e-child\" data-id=\"578148a\" data-element_type=\"container\">\n\t\t\t\t<div class=\"elementor-element elementor-element-2fccf36 elementor-widget elementor-widget-text-editor\" data-id=\"2fccf36\" data-element_type=\"widget\" data-widget_type=\"text-editor.default\">\n\t\t\t\t<div class=\"elementor-widget-container\">\n\t\t\t\t\t\t\t\t\t<h4 class=\"v1MsoNormal\">ONE WAY TRANSFER STAZIONE DI OSTUNI PER DIMORA SANT&#8217;ANNA<\/h4><p class=\"v1MsoNormal\">\u20ac 45.00 fino a 3 pax<\/p><p class=\"v1MsoNormal\">\u20ac 80.00 da 4 a 8 pax<\/p><p class=\"v1MsoNormal\">\u20ac 140.00 da 9 a 15 pax<\/p><p class=\"v1MsoNormal\">Supplemento notturno: 21H00 \u2013 07H00 = + 15%<\/p><p class=\"v1MsoNormal\">Ora extra per attesa arrivo = \u20ac 25.00 per ogni ora<\/p>\t\t\t\t\t\t\t\t<\/div>\n\t\t\t\t<\/div>\n\t\t\t\t<\/div>\n\t\t<div class=\"elementor-element elementor-element-f534b53 e-con-full e-flex e-con e-child\" data-id=\"f534b53\" data-element_type=\"container\">\n\t\t\t\t<div class=\"elementor-element elementor-element-fc531ee elementor-widget elementor-widget-text-editor\" data-id=\"fc531ee\" data-element_type=\"widget\" data-widget_type=\"text-editor.default\">\n\t\t\t\t<div class=\"elementor-widget-container\">\n\t\t\t\t\t\t\t\t\t<h4 class=\"v1MsoNormal\">NE WAY TRANSFER APT \/ PORTO \/ STAZIONE BARI PER DIMORA SANT&#8217;ANNA<\/h4><p class=\"v1MsoNormal\">\u20ac 140.00 fino a 3 pax<\/p><p class=\"v1MsoNormal\">\u20ac 170.00 da 4 a 8 pax<\/p><p class=\"v1MsoNormal\">\u20ac 220.00 da 9 a 15 pax<\/p><p class=\"v1MsoNormal\">Supplemento notturno: 21H00 \u2013 07H00 = + 15%<\/p><p class=\"v1MsoNormal\">Ora extra per attesa arrivo = \u20ac 25.00 per ogni ora<\/p>\t\t\t\t\t\t\t\t<\/div>\n\t\t\t\t<\/div>\n\t\t\t\t<\/div>\n\t\t\t\t\t<\/div>\n\t\t\t\t<\/div>\n\t\t<div class=\"elementor-element elementor-element-b7f3b7d e-flex e-con-boxed e-con e-parent\" data-id=\"b7f3b7d\" data-element_type=\"container\">\n\t\t\t\t\t<div class=\"e-con-inner\">\n\t\t\t\t<div class=\"elementor-element elementor-element-2735ec3 elementor-skin-carousel elementor-arrows-yes elementor-pagination-type-bullets elementor-pagination-position-outside elementor-widget elementor-widget-media-carousel\" data-id=\"2735ec3\" data-element_type=\"widget\" data-settings=\"{&quot;skin&quot;:&quot;carousel&quot;,&quot;effect&quot;:&quot;slide&quot;,&quot;show_arrows&quot;:&quot;yes&quot;,&quot;pagination&quot;:&quot;bullets&quot;,&quot;speed&quot;:500,&quot;autoplay&quot;:&quot;yes&quot;,&quot;autoplay_speed&quot;:5000,&quot;loop&quot;:&quot;yes&quot;,&quot;pause_on_hover&quot;:&quot;yes&quot;,&quot;pause_on_interaction&quot;:&quot;yes&quot;,&quot;space_between&quot;:{&quot;unit&quot;:&quot;px&quot;,&quot;size&quot;:10,&quot;sizes&quot;:[]},&quot;space_between_tablet&quot;:{&quot;unit&quot;:&quot;px&quot;,&quot;size&quot;:10,&quot;sizes&quot;:[]},&quot;space_between_mobile&quot;:{&quot;unit&quot;:&quot;px&quot;,&quot;size&quot;:10,&quot;sizes&quot;:[]}}\" data-widget_type=\"media-carousel.default\">\n\t\t\t\t<div class=\"elementor-widget-container\">\n\t\t\t\t\t\t\t\t\t<div class=\"elementor-swiper\">\n\t\t\t\t\t<div class=\"elementor-main-swiper swiper\" role=\"region\" aria-roledescription=\"carousel\" aria-label=\"Slides\">\n\t\t\t\t<div class=\"swiper-wrapper\">\n\t\t\t\t\t\t\t\t\t\t\t<div class=\"swiper-slide\" role=\"group\" aria-roledescription=\"slide\">\n\t\t\t\t\t\t\t\t\t<div class=\"elementor-carousel-image\" role=\"img\" aria-label=\"1\" style=\"background-image: url(&#039;https:\/\/dimorasantanna.it\/wp-content\/uploads\/2024\/03\/1.png&#039;)\">\n\n\t\t\t\n\t\t\t\t\t<\/div>\n\t\t\t\t\t\t\t\t<\/div>\n\t\t\t\t\t\t\t\t\t\t\t<div class=\"swiper-slide\" role=\"group\" aria-roledescription=\"slide\">\n\t\t\t\t\t\t\t\t\t<div class=\"elementor-carousel-image\" role=\"img\" aria-label=\"2\" style=\"background-image: url(&#039;https:\/\/dimorasantanna.it\/wp-content\/uploads\/2024\/03\/2.png&#039;)\">\n\n\t\t\t\n\t\t\t\t\t<\/div>\n\t\t\t\t\t\t\t\t<\/div>\n\t\t\t\t\t\t\t\t\t\t\t<div class=\"swiper-slide\" role=\"group\" aria-roledescription=\"slide\">\n\t\t\t\t\t\t\t\t\t<div class=\"elementor-carousel-image\" role=\"img\" aria-label=\"3\" style=\"background-image: url(&#039;https:\/\/dimorasantanna.it\/wp-content\/uploads\/2024\/03\/3.png&#039;)\">\n\n\t\t\t\n\t\t\t\t\t<\/div>\n\t\t\t\t\t\t\t\t<\/div>\n\t\t\t\t\t\t\t\t\t\t\t<div class=\"swiper-slide\" role=\"group\" aria-roledescription=\"slide\">\n\t\t\t\t\t\t\t\t\t<div class=\"elementor-carousel-image\" role=\"img\" aria-label=\"4\" style=\"background-image: url(&#039;https:\/\/dimorasantanna.it\/wp-content\/uploads\/2024\/03\/4.png&#039;)\">\n\n\t\t\t\n\t\t\t\t\t<\/div>\n\t\t\t\t\t\t\t\t<\/div>\n\t\t\t\t\t\t\t\t\t<\/div>\n\t\t\t\t\t\t\t\t\t\t\t\t\t\t\t<div class=\"elementor-swiper-button elementor-swiper-button-prev\" role=\"button\" tabindex=\"0\" aria-label=\"Precedente\">\n\t\t\t\t\t\t\t<svg aria-hidden=\"true\" class=\"e-font-icon-svg e-eicon-chevron-left\" viewBox=\"0 0 1000 1000\" xmlns=\"http:\/\/www.w3.org\/2000\/svg\"><path d=\"M646 125C629 125 613 133 604 142L308 442C296 454 292 471 292 487 292 504 296 521 308 533L604 854C617 867 629 875 646 875 663 875 679 871 692 858 704 846 713 829 713 812 713 796 708 779 692 767L438 487 692 225C700 217 708 204 708 187 708 171 704 154 692 142 675 129 663 125 646 125Z\"><\/path><\/svg>\t\t\t\t\t\t<\/div>\n\t\t\t\t\t\t<div class=\"elementor-swiper-button elementor-swiper-button-next\" role=\"button\" tabindex=\"0\" aria-label=\"Successivo\">\n\t\t\t\t\t\t\t<svg aria-hidden=\"true\" class=\"e-font-icon-svg e-eicon-chevron-right\" viewBox=\"0 0 1000 1000\" xmlns=\"http:\/\/www.w3.org\/2000\/svg\"><path d=\"M696 533C708 521 713 504 713 487 713 471 708 454 696 446L400 146C388 133 375 125 354 125 338 125 325 129 313 142 300 154 292 171 292 187 292 204 296 221 308 233L563 492 304 771C292 783 288 800 288 817 288 833 296 850 308 863 321 871 338 875 354 875 371 875 388 867 400 854L696 533Z\"><\/path><\/svg>\t\t\t\t\t\t<\/div>\n\t\t\t\t\t\t\t\t\t\t\t\t\t\t\t\t<div class=\"swiper-pagination\"><\/div>\n\t\t\t\t\t\t\t\t\t\t\t\t<\/div>\n\t\t\t\t<\/div>\n\t\t\t\t\t\t\t\t<\/div>\n\t\t\t\t<\/div>\n\t\t\t\t\t<\/div>\n\t\t\t\t<\/div>\n\t\t\t\t<\/div>\n\t\t","protected":false},"excerpt":{"rendered":"<p>NOLEGGIO BICI CON PEDALATA ELETTRONICA ASSISTITA \u20ac 40.00 al giorno \u2013 sconto 10% per ogni giorno extra su richiesta guida accompagnatore: suppl. \u20ac 20.00 per persona (minimo 2 persone) CAROVIGNO \u2013 Tour guidato a piedi Incontro con la guida presso Dimora Sant&#8217;Anna e inizio della visita di Carovigno, del suo grazioso centro storico e del [&hellip;]<\/p>\n","protected":false},"author":3,"featured_media":0,"parent":0,"menu_order":0,"comment_status":"closed","ping_status":"closed","template":"elementor_header_footer","meta":{"footnotes":""},"class_list":["post-250","page","type-page","status-publish","hentry"],"_links":{"self":[{"href":"https:\/\/dimorasantanna.it\/index.php\/wp-json\/wp\/v2\/pages\/250","targetHints":{"allow":["GET"]}}],"collection":[{"href":"https:\/\/dimorasantanna.it\/index.php\/wp-json\/wp\/v2\/pages"}],"about":[{"href":"https:\/\/dimorasantanna.it\/index.php\/wp-json\/wp\/v2\/types\/page"}],"author":[{"embeddable":true,"href":"https:\/\/dimorasantanna.it\/index.php\/wp-json\/wp\/v2\/users\/3"}],"replies":[{"embeddable":true,"href":"https:\/\/dimorasantanna.it\/index.php\/wp-json\/wp\/v2\/comments?post=250"}],"version-history":[{"count":4,"href":"https:\/\/dimorasantanna.it\/index.php\/wp-json\/wp\/v2\/pages\/250\/revisions"}],"predecessor-version":[{"id":271,"href":"https:\/\/dimorasantanna.it\/index.php\/wp-json\/wp\/v2\/pages\/250\/revisions\/271"}],"wp:attachment":[{"href":"https:\/\/dimorasantanna.it\/index.php\/wp-json\/wp\/v2\/media?parent=250"}],"curies":[{"name":"wp","href":"https:\/\/api.w.org\/{rel}","templated":true}]}}